 (base 6) to base 9.
-8632302
Convert -114a4 (base 14) to base 7.
-233464
What is -652a2 (base 14) in base 9?
-412654
What is 332335 (base 8) in base 5?
12034322
-4728356 (base 10) to base 15
-635edb
Convert 790828 (base 12) to base 13.
5273c3
What is -434515 (base 7) in base 4?
-102210130
Convert -dda41 (base 16) to base 2.
-11011101101001000001
600c6a (base 15) to base 5
2131342200
1c59b1b (base 13) to base 4
210002112002
-3325215 (base 7) to base 15
-81730
What is 1002220341 (base 5) in base 4?
13212110203
-23310003 (base 4) to base 11
-33399
What is -ba849 (base 13) in base 14?
-8b030
What is 4545551 (base 7) in base 5?
121104411
1023b (base 12) to base 15
639b
What is -111010111110110110 (base 2) in base 13?
-85c6b
What is -37153 (base 15) in base 4?
-222322323
-101000110110111011000000 (base 2) to base 8
-50667300
What is -100212202 (base 4) in base 6?
-1242454
Convert a91a4 (base 13) to base 4.
1022220112
Convert -80282 (base 12) to base 9.
-273068
What is c87 (base 13) in base 16?
85b
3612a6 (base 13) to base 11
7aa6a3
Convert 251121 (base 10) to base 4.
331103301
-74691 (base 10) to base 7
-430521
Convert 36084872 (base 9) to base 11.
9a27426
What is 11031123213 (base 4) in base 16?
14d6e7
Convert 1555224 (base 6) to base 10.
93184
10a9787 (base 11) to base 2
111010111011010001100
-122220111100 (base 3) to base 4
-1112003103
4450360 (base 7) to base 14
104630
Convert 3965293 (base 11) to base 12.
23693a3
Convert -1183247 (base 9) to base 10.
-645370
-2772572 (base 10) to base 6
-135231552
What is -221231202011 (base 4) in base 2?
-101001101101100010000101
Convert -1426776 (base 8) to base 15.
-7eee5
Convert -964911 (base 10) to base 9.
-1730543
What is 12341102 (base 5) in base 10?
121402
1807680 (base 9) to base 2
11110110011101010110
472425 (base 8) to base 16
27515
What is -121210303110 (base 4) in base 12?
-22b39b0
Convert -1321104 (base 5) to base 15.
-7c54
What is 152325434 (base 6) in base 11?
1896046
Convert 126658 (base 11) to base 4.
300213010
Convert 100573 (base 14) to base 4.
2003210121
233201123 (base 5) to base 6
34524401
What is 202212010121 (base 3) in base 7?
3326602
15bd42 (base 14) to base 16
ba346
23451aa (base 11) to base 10
4091735
What is 450551 (base 7) in base 12?
3a022
What is -101011 (base 2) in base 13?
-34
Convert 6400b (base 16) to base 2.
1100100000000001011
1486088 (base 9) to base 4
3021110003
-2013332220 (base 4) to base 15
-b0063
What is -2044424 (base 5) in base 2?
-1000011000111100
What is -1646294 (base 11) in base 9?
-5244362
Convert 443a28 (base 16) to base 10.
4471336
Convert -3b1396 (base 15) to base 9.
-5306566
Convert -26841 (base 9) to base 6.
-220101
Convert -883886 (base 10) to base 13.
-24c413
What is -10100120001 (base 4) in base 16?
-110601
-1365137 (base 8) to base 6
-12150451
Convert -481076 (base 11) to base 10.
-762746
What is 100071 (base 9) in base 14?
17785
Convert -1335413 (base 6) to base 7.
-431652
Convert 101100110100111101101 (base 2) to base 13.
3c57a0
What is -56a0d9 (base 14) in base 10?
-2947247
What is -31325225 (base 6) in base 15?
-130a38
Convert -452558 (base 10) to base 7.
-3563261
-11111100000001100110 (base 2) to base 15
-155ce9
What is 101203044 (base 6) in base 14?
335044
Convert 9266 (base 12) to base 15.
4ab3
Convert 224331 (base 5) to base 3.
102002200
6600431 (base 7) to base 2
11000101000000101010
What is 50433 (base 10) in base 11?
34989
What is 211210021010 (base 3) in base 2?
1101101100000001111
11001111110010110 (base 2) to base 13
3956b
Convert -215907 (base 12) to base 10.
-528343
-31a2a8 (base 12) to base 5
-200104203
Convert 4711895 (base 10) to base 13.
c8c906
343142234 (base 5) to base 15
2056e9
232521254 (base 6) to base 14
80b6dc
202101201212 (base 3) to base 8
1420116
What is 161924 (base 10) in base 7?
1243040
What is -21202022 (base 4) in base 6?
-500442
-31400304 (base 5) to base 6
-5343351
Convert c7085 (base 14) to base 2.
1110101010000111101
What is -283a754 (base 12) in base 7?
-125236342
949cb (base 14) to base 15
7140d
Convert -2014411044 (base 5) to base 14.
-779909
What is -303628 (base 10) in base 3?
-120102111111
What is 1024405510 (base 6) in base 12?
3776896
What is 12210202202 (base 3) in base 4?
123321230
What is 224154 (base 12) in base 2?
10000101010111010000
9c545 (base 13) to base 15
59395
3101522 (base 6) to base 11
a1346
What is -80c977 (base 14) in base 16?
-422eed
Convert 126542 (base 11) to base 8.
604472
7ef85 (base 16) to base 2
1111110111110000101
Convert -2303 (base 10) to base 7.
-6500
Convert -189c37 (base 16) to base 6.
-54322531
Convert -852495 (base 10) to base 8.
-3201017
Convert 1102102 (base 5) to base 16.
4a53
What is 32322233 (base 6) in base 7?
11104365
Convert -300243232 (base 5) to base 4.
-10200112023
Convert 6a3a9 (base 14) to base 13.
9097c
-325351 (base 6) to base 11
-19432
-3550794 (base 13) to base 3
-1011000022200110
-2703144 (base 9) to base 5
-334303113
Convert 54500 (base 15) to base 10.
267750
63406601 (base 7) to base 11
303398a
Convert 100001111110110100101100 (base 2) to base 10.
8908076
Convert -111120312 (base 4) to base 14.
-23cd8
What is 18885 (base 15) in base 2?
10011011010111110
-3813410 (base 9) to base 6
-112254100
101110111111101001100 (base 2) to base 9
2806327
1586c (base 15) to base 16
10f1a
-2a7ca5 (base 14) to base 8
-5515451
What is 3871735 (base 9) in base 14?
3d057c
2420013310 (base 5) to base 2
10101011101100011100000
What is 15409a (base 11) in base 16?
3a849
Convert -522652 (base 8) to base 12.
-8448a
65069 (base 13) to base 8
544246
-666063 (base 7) to base 2
-11100101001100111
Convert -25045254 (base 6) to base 5.
-201041042
Convert -10111001101100001 (base 2) to base 15.
-1d283
-982634 (base 13) to base 2
-1101101000111100011000
-10010111111010100101 (base 2) to base 5
-124402440
Convert -12d105 (base 15) to base 3.
-1200222001112
Convert 11103001032 (base 4) to base 16.
15304e
Convert -100111110100111 (base 2) to base 11.
-14358
-ee28f (base 16) to base 2
-11101110001010001111
-110103020 (base 4) to base 6
-1440532
What is 1000101110011011110 (base 2) in base 16?
45cde
Convert 602064 (base 8) to base 16.
30434
Convert -23803 (base 9) to base 4.
-3321120
What is 655552 (base 9) in base 12?
16a478
Convert 10000001011 (base 2) to base 12.
723
Convert 22313103 (base 5) to base 7.
1452656
97083 (base 11) to base 12
69849
What is 3110420 (base 5) in base 2?
1100011000101111
Convert 17613a5 (base 11) to base 6.
144015553
-a5a9e (base 16) to base 10
-678558
Convert -1260187 (base 10) to base 6.
-43002111
What is 110100011110111000010 (base 2) in base 11?
a75086
What is 26989 (base 11) in base 8?
113066
What is 2410432 (base 6) in base 9?
211602
-315498 (base 12) to base 7
-6413015
What is -c2814 (base 15) in base 16?
-96685
Convert 112030220232 (base 4) to base 10.
5818926
Convert 10001010100111100100 (base 2) to base 8.
2124744
What is 5330134 (base 6) in base 2?
111111100111001010
What is -84285 (base 9) in base 16?
-d95b
What is -21222100132 (base 4) in base 8?
-11522036
Convert -20a168 (base 12) to base 15.
-a2998
-131111323 (base 4) to base 5
-12321222
-2266165 (base 7) to base 14
-7606c
132351 (base 10) to base 14
36339
Convert 1463172 (base 8) to base 2.
1100110011001111010
-323312320 (base 4) to base 10
-245176
-223223412 (base 5) to base 11
-618633
What is -500404234 (base 6) in base 5?
-4124231032
What is -1b206c (base 15) in base 14?
-266274
What is 56dd9 (base 15) in base 10?
276504
Convert 21210002120112 (base 3) to base 14.
799071
791eb (base 16) to base 9
835470
Convert -6521 (base 16) to base 7.
-135323
-12303210 (base 5) to base 9
-201432
Convert 203432143 (base 5) to base 9.
1524082
What is -1233142 (base 7) in base 8?
-467526
204b46 (base 12) to base 10
506214
-213312002030 (base 4) to base 8
-47660214
What is -4124885 (base 9) in base 11?
-1274093
What is -210112020020 (base 3) in base 16?
-67725
-28613 (base 16) to base 14
-443bd
-73b686 (base 16) to base 13
-17568cb
-6a2eb1 (base 15) to base 16
-4d66b6
Convert a611 (base 13) to base 16.
59d6
Convert -10100010011101111000 (base 2) to base 8.
-2423570
What is 1113013002 (base 5) in base 3?
11122110212022
What is -dcccbd (base 14) in base 13?
-1722478
Convert -6085024 (base 10) to base 12.
-20555